r - 8, -q*k - 25 = -r. What is the units digit of r?
3
Let q(f) = 3. Let o(y) = -y**2 - y - 16. Let v(p) = -2*o(p) - 11*q(p). Let g be v(-2). What is the units digit of 1/g + 28/6?
5
Let v = 10 - 8. Let x(h) = -h + 6*h - v*h - 6. What is the units digit of x(5)?
9
Suppose -3*y + h = -h - 4, -16 = -2*y - 2*h. Suppose -5*g + 1 + y = 0. What is the units digit of g?
1
Suppose 2*s + 5*o + 10 = 0, -3*s + 4*s + 3*o + 6 = 0. Let m be 4 + 2 + s + -2. Suppose m*c = 9*c - 65. What is the tens digit of c?
1
Let d(v) be the second derivative of v**5/20 + 5*v**4/12 - 4*v**3/3 - v**2 + v. Let f be (-6 + 2)/(-8)*-12. What is the units digit of d(f)?
0
Let j(c) = -c**2 + 6*c - 1. Let k be j(6). Let a be ((-2)/(-2))/(k/(-17)). Suppose 3*h - 3*l + 2*l = a, 2*l + 18 = 2*h. What is the units digit of h?
4
Let m be 2*((-9)/(-6))/(-3). Let a be ((-1)/(m/3))/1. What is the tens digit of (a - -23)*2/4?
1
Let n(c) = -c**3 - 3*c**2 + 4*c + 4. Let t be n(-4). Suppose -3*z = -t - 8. What is the units digit of z?
4
Let y(p) = -p + 1. Let w be y(-1). Let x = 1 + 21. Suppose -3*k - 2*c = w*k - 34, x = 4*k - c. What is the units digit of k?
6
Let b = 38 + -22. What is the tens digit of b?
1
Let u = -14 - -39. What is the tens digit of u?
2
Let p(r) = -29*r**3 - 2*r - 1. Suppose j = 3*g - 4, 5*j = 2*g + 2 - 9. What is the tens digit of p(j)?
3
Let d(x) = -x**2 - 6*x - 2. Let u be d(-5). What is the units digit of 2/6 + 29/u?
0
Let y(x) = -x**2 - 20*x - 36. What is the units digit of y(-13)?
5
What is the hundreds digit of (606/(-12))/((-1)/2)?
1
Suppose -1165 = i - 6*i + 5*g, 2*i - 450 = -2*g. Suppose -4*h + 226 = 5*d - 0*d, 5*d = -h + i. What is the tens digit of d?
4
Suppose -166 = -5*a + w + 71, 3*a - 138 = 2*w. Suppose 5*b - 20 = -3*z + 62, a = 3*b + 3*z. What is the units digit of b?
7
Let y = -62 + 169. What is the tens digit of y?
0
Let t = 4 - 2. Let g(f) = 1 + 1 + f**3 - 4*f - 4*f**t + 2 + 0. What is the units digit of g(5)?
9
Let r(u) = u**2 + 2*u + 1. Let f be r(-2). Suppose z - 2*q = 4*z - 33, 4*z - 3*q - 61 = 0. Let n = z + f. What is the tens digit of n?
1
Suppose y = -y + 446. What is the units digit of y?
3
Let p = -16 - -18. What is the units digit of p + (0 + -1 - -1)?
2
Let y(h) = -h**3 - h**2 + h - 1. Let l(a) = -7*a**3 - 3*a**2 + 3*a - 4. Let u(i) = -l(i) + 5*y(i). What is the tens digit of u(2)?
1
Let d(r) be the first derivative of 2*r**3/3 + 4*r**2 - r + 2. What is the tens digit of d(-6)?
2
Suppose -16*i + 1032 + 2120 = 0. What is the tens digit of i?
9
Suppose -n - 3*n = -208. What is the units digit of n?
2
Let u = 14 - 20. Let d(b) = -b**2 - 5*b + 2. Let m be d(u). What is the tens digit of -2*m*(-9)/(-6)?
1
Suppose -8*r + 15*r = 2261. What is the units digit of r?
3
Suppose 2 - 37 = -5*o + t, -t = 3*o - 13. Let m = o - 9. What is the units digit of 2/((-1)/9*m)?
6
Let f = -105 - -61. Let b = 62 + f. What is the units digit of b?
8
Let t(n) = -2*n**2 + 1. Let o be t(1). Let f be 0 - o - -42 - -2. What is the units digit of ((-4)/5)/((-6)/f)?
6
Suppose -2*p - 32 = 10. Let s = p - 9. Let d = -10 - s. What is the units digit of d?
0
Let w = 3 - 7. What is the tens digit of w/(-12) + (-150)/(-9)?
1
Let t = 400 + -204. What is the units digit of t?
6
Suppose -34 = -2*f + 146. What is the tens digit of f?
9
Let c(u) = -5 + 5*u + 20 - u - 3*u. What is the units digit of c(-11)?
4
Let d(l) = -4*l - 7. Let m be 11*(-1 - 0) + 3. What is the tens digit of d(m)?
2
Let f(c) = -c**3 - 3*c**2 - c + 1. Let m be f(-3). Suppose m*w = 16 + 48. What is the tens digit of w?
1
Let u = 3 + -1. Suppose u*i - s = 77, -52 = -i - 4*s - 0*s. Suppose -i + 5 = -5*o. What is the units digit of o?
7
Let o be (-3)/((-9)/(-12)*-1). Suppose -4*p = o*b - 96, 3*p - 4*b + 0*b = 79. Suppose 2*r = -3*r + p, -3*c + 23 = -2*r. What is the units digit of c?
1
Let z(x) = -x**2 + 9*x - 10. Let i be z(7). Suppose 4*t - 5*t = -i. What is the units digit of t?
4
Let p(w) = w + 32. Let f be p(0). What is the units digit of (f/(-12))/((-2)/6)?
8
Suppose -i = -2*i - 13. Let l = -7 - i. What is the units digit of l?
6
Suppose -5*b = -34 - 116. Let z = b + -5. Suppose -3*q - 6 + z = 2*f, 0 = -5*q - f + 20. What is the units digit of q?
3
Suppose 0 = -15*z + 13*z + 322. What is the hundreds digit of z?
1
Suppose 2*y = -4*g + 14, 0 = 2*y - 3*y - 1. Suppose -g*s + 67 = d, 4*d + 72 = -s + 5*s. What is the units digit of s?
7
What is the units digit of (97/4)/(5/40)?
4
Let y(h) = -11*h - 9. What is the tens digit of y(-16)?
6
Let p(f) = f**2 - 23*f + 17. What is the tens digit of p(29)?
9
Suppose 1 = 9*m - 872. What is the tens digit of m?
9
Let m = 11 + -9. Suppose m*c - 5*n = 74, 0*c + 37 = c + 5*n. What is the tens digit of c?
3
Let l = 26 - 12. What is the units digit of l?
4
Let m = 4 + -3. Let a = m - -5. What is the units digit of a?
6
Suppose 384 = -23*d + 27*d. What is the tens digit of d?
9
Let r(d) = -51*d**3 - d**2 - 2*d - 1. Let y be r(-1). Let l = -35 + y. What is the tens digit of l?
1
Let o(c) = c**2 + c + 2. Let h be o(0). Suppose h*n = 3*k + 128, -n - 320 = -6*n - 2*k. What is the tens digit of n/6 + (-1)/(-3)?
1
Let t(c) = -c**3 + 12*c**2 + 13*c + 15. Let p = -16 - -29. What is the units digit of t(p)?
5
Suppose 4*k = z - 62, -3*k + 6 = -5*k. Suppose -z = m - 6*m. What is the tens digit of m?
1
Suppose -94 + 550 = 4*c. What is the units digit of c?
4
Suppose -14*q - 398 = -4332. What is the units digit of q?
1
Let l(t) = -t**3 - 5*t**2 - 3*t - 14. What is the tens digit of l(-6)?
4
Suppose -4*u - 5*h + 44 + 57 = 0, -2*u + 52 = 2*h. Let y = -14 + u. What is the tens digit of y?
1
Suppose -5 = -2*m + 1. Let j(x) = -1 + x + 0*x**3 - 2*x - x**m. What is the units digit of j(-1)?
1
Let t(u) = u + 3. Suppose 3 + 5 = -w. Let g = w - -6. What is the units digit of t(g)?
1
Suppose 0 = 2*h + 2. Let c(t) = -t**2 + 3*t**2 + 2*t**3 - 6*t**3 - 1. What is the units digit of c(h)?
5
Suppose 21 = y + 2*a, -a = 6 - 3. Let j be 87/y - (-4)/(-18). Suppose -j*v + 10 = -8. What is the units digit of v?
6
Let a(i) = -i**3 - 2*i**2 - 2*i - 5. What is the units digit of a(-4)?
5
Let y(b) = -16*b - 1. Let q be y(-2). Suppose -2*w - w = -5*v + q, -2*v + 3*w + 7 = 0. What is the units digit of v?
8
Let j = 1 + 1. Suppose -17 = -s - j. What is the units digit of s?
5
Let a = -7 - -19. Let r = a - -1. What is the units digit of r?
3
Let a = 1 - -2. What is the units digit of a?
3
Let j = 131 + -60. Let g = j - 42. What is the units digit of g?
9
Suppose 1 + 5 = -4*a + b, 0 = 4*a + 5*b + 18. Let z = a + 5. What is the units digit of z?
3
Let i = 11 + -9. Suppose 7 = i*o - 11. Suppose -4*u - 2*l = -l - o, -2*u - 4*l = 6. What is the units digit of u?
3
Suppose 0 = c + 5*v - 16, -7*c + 16 = -3*c - 4*v. Let d be 27/(-6)*(-16)/c. Let z = d + -8. What is the units digit of z?
4
Let y = 6 - 1. Suppose 0 = -y*r + r + 8. Suppose -r*o + 14 = -0*o. What is the units digit of o?
7
Let t(n) = -n**3 + 2*n**2 - 4*n + 2. Let o be t(2). Let r(l) = l**3 + 5*l**2 - 7*l - 3. What is the units digit of r(o)?
3
Let w(b) = 6*b + 9. What is the units digit of w(8)?
7
Suppose g - 6 = -3. Suppose -g*k - 3 = -2*r - 30, 0 = 2*k + r - 11. Let l = k + -2. What is the units digit of l?
5
Let k = -98 - -151. What is the units digit of k?
3
Suppose 5*h + 24 = -26. Suppose 2*w + 10 = 2*g - 2, 4*w + 9 = -g. Let o = w - h. What is the units digit of o?
7
Suppose 3*p - 1 - 8 = 0. Suppose 6 + 5 = -2*x - w, -4*w - 23 = x. What is the units digit of (2/p)/(x/(-27))?
6
Suppose -12 = -k + 4*m, -3*k - 4*m + 0*m + 4 = 0. Suppose 5*g - 2*d + 10 = -6*d, -k*d - 28 = -4*g. What is the units digit of g?
2
Let x be 238/4 - (-7)/14. Let n = -34 + x. What is the units digit of n?
6
Let l(q) = -q**2 - 7*q - 1. Let y be l(-7). Let g = 3 + y. What is the units digit of g?
2
Let f be ((-16)/(-6))/(2/(-6)). What is the units digit of (-4)/f*(2 - 0)?
1
Suppose 2*l - 20 = 10. What is the tens digit of l?
1
Let x(p) = p**3 + 4*p**2 - 6*p - 4. Let t be x(-5). What is the units digit of -20*(-3 + (t - -1))?
0
Suppose 5*z + 3*f = f + 66, -15 = -2*z + 3*f. What is the units digit of 4*-1*z/(-16)?
3
Let i = 4 - 1. Let d(r) = 3*r + 4. What is the tens digit of d(i)?
1
Let y(g) = -g**3 - 4*g**2 - 4*g - 3. Let r be y(-3). Let q = r + 6. What is the units digit of q?
6
Let b(s) 